y + 41, -147 = -4*y - t + 39. Calculate the remainder when y is divided by n.
11
Let v(f) = -6*f**2 - 45*f + 503. Suppose -9 = g - 5*i - 171, 5*i + 314 = 2*g. Calculate the remainder when g is divided by v(6).
16
Suppose -572 + 1496 = 44*o. What is the remainder when 109 is divided by o?
4
Suppose -x - 3*b = -6*x - 31, x = -4*b - 20. Let r = x - -43. Calculate the remainder when r is divided by -4 - -2 - (-1 - 13).
11
Let h(r) = r**2 - 10*r - 12. Let u be h(-5). Suppose 4*x - u = 169. What is the remainder when x is divided by 15?
13
Let c(i) = -7*i**3 + i**2 - 3*i - 5. Let z(k) = -5*k - 12. Calculate the remainder when c(-2) is divided by z(-5).
9
Let t = 76 - 61. Let y(v) = -4*v**3 - v**2 - 2. Calculate the remainder when y(-2) is divided by t.
11
Let q(o) = -47*o**3 + 2*o**2 + 5*o + 2. Calculate the remainder when 89 is divided by q(-1).
43
What is the remainder when 128 + -122 + 794 + 0 is divided by 9?
8
Suppose 3*w + 4*p - 34 = 0, 0*p + p - 22 = -3*w. Suppose w + 19 = 5*r. Suppose -r*f - 3 + 233 = 0. What is the remainder when f is divided by 16?
14
Calculate the remainder when 4 - (48/(-28))/((-2)/(-28)) is divided by 11.
6
Suppose 16*a - 9*a - 2457 = 0. What is the remainder when a is divided by 59?
56
Calculate the remainder when 263 is divided by ((-1)/3)/((-1)/132).
43
Let g(u) = u + 86. Calculate the remainder when 100 is divided by g(-32).
46
Suppose -120 = -4*x + 2*k + 2*k, -9 = 3*k. Calculate the remainder when x is divided by 9/6*(-12)/(-9)*7.
13
Let w(a) be the second derivative of -4*a**3/3 - a**2 + a. Suppose 2*q + 8 = 0, -q + 18 = 2*p + q. Calculate the remainder when w(-3) is divided by p.
9
Suppose -4*p + 44 = 4*s, -5*p + 0*s = -4*s - 46. Let f be p/55 + (-326)/(-22). Let n = f - -8. What is the remainder when n is divided by 8?
7
Let b(l) = 7*l + 34. Let w be b(11). Suppose 3*s - w = -k, 3*k = 2*s + 231 + 102. What is the remainder when k is divided by 32?
15
Let x be 1/(-2) + (-90)/(-20). Suppose -2*d = -28 + x. Calculate the remainder when d is divided by 6*(-1)/(-2)*1.
0
Let p be (-87)/(-15) + (-1)/(-5) + -1. Suppose 0 = -p*b, -2*b = -4*r - 3*b + 12. Let s(c) = -c**2 + 7*c + 3. Calculate the remainder when s(6) is divided by r.
0
Let m = 9 + -6. What is the remainder when 302/m - (-8)/24 is divided by 26?
23
Let b(f) = 18*f - 46. Calculate the remainder when 126 is divided by b(4).
22
Suppose 0 = -2*x + 7*x + 4*q - 860, -4*x + 688 = -4*q. What is the remainder when x is divided by 35?
32
Suppose 42*p + 12 = 810. What is the remainder when 55 is divided by p?
17
Suppose 61 = -4*q + 77. What is the remainder when 7 is divided by q?
3
Suppose -4*l - 3*n = -359, 339 + 76 = 5*l - 3*n. Let w = l + -73. What is the remainder when w is divided by 2?
1
Let d = -366 + 512. Suppose 235 + 148 = 5*y - h, -2*y + d = -4*h. What is the remainder when y is divided by 10?
7
Let u(h) = h**2 + 3*h. Let r = 7 - 13. Let v(o) = 2*o**2 + 28*o - 30. Calculate the remainder when v(-16) is divided by u(r).
16
Let z(k) = 2*k**3 - 6*k**2 - 6*k - 7. Let d(q) = 1391 + 4*q - 1391. What is the remainder when z(5) is divided by d(4)?
15
Suppose -5*o + 16 - 71 = 0. Calculate the remainder when 60 is divided by 1 - 1 - (o + 4).
4
Let d = -639 - -659. Calculate the remainder when d is divided by 4/(-20) - (-32)/10.
2
Let j(n) = -n**3 + 4*n**2 + 2*n - 8. Let i be j(4). Suppose -5*r + 50 = -i*r. What is the remainder when r is divided by 6?
4
Suppose -4*z + 157 + 87 = 0. What is the remainder when z is divided by (-385)/15*81/(-63)?
28
Let w = -2 + 18. Let h = w + -12. Suppose -21 = -h*f + 15. Calculate the remainder when f is divided by 5.
4
Suppose -g - 71 = -2*c, -c = -9*g + 4*g - 13. What is the remainder when 74 is divided by c?
36
Let f(t) = t**3 + 16*t**2 + 13*t - 11. Let r(b) = -b**2 - b + 3. Let g be r(0). Let v(q) = 23*q + 4. Calculate the remainder when v(g) is divided by f(-15).
16
Suppose 67*y + 912 = 71*y. Calculate the remainder when y is divided by 8.
4
Suppose 24*h - 16*h = 0. Suppose 0 = 3*r - 15, -6*d = -2*d + 4*r - 100. Suppose 0*l - 5*l + d = h. Calculate the remainder when l is divided by 2.
0
Suppose -2*y - 392 = -5*r - 105, 2*r + 4*y - 134 = 0. Let w = 77 - r. Suppose 6*i - 2*i = 20. What is the remainder when w is divided by i?
3
Let i be (5/5)/(-2)*(-1 - -1). Let w be 37/4 - (-2)/(-8). Suppose -s + 3*j - w = -2*s, 5*s - 2*j - 96 = i. What is the remainder when 89 is divided by s?
17
Let d(h) = h - 10. Let t(m) = 1. Let z(u) = -d(u) + 5*t(u). Calculate the remainder when z(8) is divided by 2.
1
Let w(q) = -q**2 - 5*q. Calculate the remainder when 2*-3 + (10 + -8 - -9) is divided by w(-4).
1
Suppose 2*r = -26 - 698. Let y = r - -569. Calculate the remainder when y is divided by 42.
39
Let s(j) = -7*j. Suppose 440 = 73*z - 65*z. What is the remainder when z is divided by s(-2)?
13
Suppose -5*q + 10 = -3*q. Let c = -69 + 77. Calculate the remainder when (4/q)/(8/140) is divided by c.
6
Suppose 0 = 5*z - x - 229, -5*z = -2*x - 181 - 52. What is the remainder when 57 is divided by 1 + (-6)/10 + 882/z?
17
Let n(y) be the second derivative of y**4/12 - y**3/2 + y**2 + 2*y. Suppose -17*d = -20*d + 237. Calculate the remainder when d is divided by n(-3).
19
Let t(a) = -2*a**3 - 4*a**2 + 2*a + 3. Let w be (3/(-5))/((-2)/430). Let h = w - 72. What is the remainder when h is divided by t(-3)?
12
Let z(y) = 56*y**2 + 11*y - 12. What is the remainder when 109 is divided by z(1)?
54
Let j = -65 + 76. What is the remainder when 167 is divided by j?
2
Let l = -163 + 234. Calculate the remainder when l is divided by 18.
17
Calculate the remainder when -10 - -11 - (-156)/3 is divided by 6.
5
Let u be 74/3*(-12)/(-8). Suppose 5*t + 2*s = u, -3*t + 0*t - s + 23 = 0. Let z = -57 + 90. Calculate the remainder when z is divided by t.
6
Let y(t) = -t**2 - t + 11. Let h(j) = 2*j + 23. Let z be h(-9). Suppose 50 = 2*b + z*a + 17, 3*b - 2*a - 2 = 0. What is the remainder when y(0) is divided by b?
3
Calculate the remainder when 207 is divided by 217/(-31)*(-12)/4.
18
Let v(g) = -g**3 - 14*g**2 - 12*g + 25. Let w(j) = j - 18. Let m be w(5). Calculate the remainder when 43 is divided by v(m).
7
Let b = 265 + -262. What is the remainder when 771 is divided by b?
0
Let g = -77 + 113. Let c = g + -18. Calculate the remainder when c is divided by 96/10 - 2/(-5).
8
Suppose 31*c - 33*c = -8. Suppose 14 = b + 2*f, -3*b + c*f + 11 + 61 = 0. Let x = -80 - -138. What is the remainder when x is divided by b?
18
Let c(b) = 2*b - 31. Let j(o) = -o + 16. Let w(s) = -4*c(s) - 7*j(s). Suppose -x + 38 - 15 = 0. Calculate the remainder when x is divided by w(0).
11
Let j = -114 - -123. Suppose -5*n + 300 = 5*n. What is the remainder when n is divided by j?
3
Let v = -4 - -10. Suppose -v*c = -12*c + 144. What is the remainder when 45 is divided by c?
21
Let y = -365 + 380. Calculate the remainder when y is divided by 9.
6
Let u(q) = 6*q**2 - 2*q - 10. Let i be u(-5). Let m = -15 - -53. Calculate the remainder when m is divided by (-2)/6 - i/(-18).
6
Suppose 10*y - 2747 = 1443. Calculate the remainder when y is divided by 60.
59
Let t(u) be the second derivative of -u**4/12 + 5*u**3/3 - 6*u**2 + 5*u. Let k be t(10). What is the remainder when 65 is divided by 16 - (k/4 - -2)?
14
Let d(m) = -4*m - 19*m + 2*m. Let f(q) = q + 5. Let a be f(-6). What is the remainder when d(a) is divided by 6?
3
Let j be (168/98)/(2/154). Calculate the remainder when ((-5)/(-15))/(1/j) is divided by 17.
10
Let f(s) = 2*s**3 - 59*s**2 + 29*s + 40. Calculate the remainder when 159 is divided by f(29).
39
What is the remainder when (2574/(-12))/13*-22 is divided by 73?
71
Let v = -40 - -56. Suppose -3*r - 3*u - 45 = 0, 2*r - 5*r = 2*u + 42. Calculate the remainder when 111 is divided by v/(-6)*126/r.
27
Let f(h) = -h**3 + 17*h**2 + 34*h + 16. Calculate the remainder when f(17) is divided by 195.
9
Let y(w) be the first derivative of w**2/2 + 24*w + 1. Suppose -209 - 21 = -5*z. What is the remainder when z is divided by y(0)?
22
What is the remainder when 21 - (30/(-3) + 5) is divided by 15?
11
Let l(b) = -4*b + 107. What is the remainder when l(6) is divided by 38?
7
What is the remainder when 373 is divided by (-513)/(-4) - (368/64)/23?
117
Suppose 5*i + 5*i - 1490 = 0. Let f = i - 121. What is the